the highest common factor of l and d?
9
Suppose 2*y + 1 = -r, -3*y - 3*r = -5*r - 2. Suppose y = 2*g - 6 - 2. Suppose -h - g = -14. What is the highest common divisor of h and 10?
10
Let h be (1/(-2))/(6/9)*-48. Let b(o) = o**3 - 35*o**2 - 39*o + 113. Let i be b(h). What is the highest common factor of 20 and i?
5
Let j be (-10)/((-70)/2597) - 7. Let s = -209 + j. What is the highest common factor of 31 and s?
31
Let i be ((-56)/(-21))/((-2)/(-12)*4). Suppose 178 = i*s + 50. Let r(l) = -l + 19. Let d be r(15). What is the greatest common factor of d and s?
4
Suppose 0 = -7*c + 12*c - 780. Suppose 2*a + r - 121 = 0, -4*a + 89 = 5*r - c. Let y be (24/5)/(8/20). Calculate the highest common factor of a and y.
12
Suppose 3*n - 2*v - 27 + 1 = 0, 2*v - 10 = -3*n. Let l = 19 - n. Let c = 15 - l. Calculate the greatest common factor of 22 and c.
2
Suppose -g - 2852 = -2*r, 5*g = 51*r - 46*r - 7140. What is the greatest common divisor of 40 and r?
8
Suppose 2 = x, -3*n + 86 = -3*x + x. Suppose 5*a + 4488 = o, -2*a + 2686 = -5*a + 4*o. Let j = 904 + a. Calculate the highest common factor of j and n.
6
Let i(a) = -3*a**2 + 6*a + 2. Let y be i(3). Let u(x) = -44*x - 52. Let c be u(y). What is the greatest common divisor of c and 48?
16
Let a = -6916 - -6924. Calculate the highest common divisor of 1944 and a.
8
Let m be (1 - -6)*(0 - 4 - -5). Suppose -5*g + 2*h = m*h - 60, 5*h + 15 = 0. Suppose 69 = 9*n + g. Calculate the highest common factor of 66 and n.
6
Suppose g = 4*h + 18, -4*h + 172 = 4*g - 40. Calculate the highest common factor of g and 6.
2
Suppose 17*a = 29639 + 29028. Calculate the greatest common factor of a and 87.
29
Let u(w) = -194*w - 1718. Let a be u(-20). Calculate the highest common divisor of 564 and a.
94
Let n(t) = 11*t + 1. Let d be n(1). Let h be (1888/10)/(368/1380). What is the highest common factor of h and d?
12
Suppose 0 = -8*s + 1916 - 28. Let o = -96 + s. Calculate the greatest common divisor of o and 35.
35
Let j(h) = -622*h + 2808. Let g be j(4). Suppose 4*y + 0*i = 2*i + 90, 0 = -2*y - 4*i + 20. Calculate the greatest common factor of g and y.
20
Suppose -4*m = 388*a - 390*a + 8, 5*a - 3*m = 55. What is the greatest common factor of a and 4046?
14
Let f(l) = -5*l - 14. Let y be ((-6)/(-4))/(9/24). Let i be (19 + 2)*y/(-30)*5. Let b be f(i). Calculate the highest common factor of b and 8.
8
Let p be (-174)/(-638)*-11*322/(-3). Suppose -5*f + 67 + 143 = 0. Calculate the greatest common factor of p and f.
14
Let l(r) = r**2 - 8*r - 43. Let x be l(12). Suppose -3*c = -4*v - 0*v - 55, 5*v + x = 0. What is the greatest common factor of 17 and c?
17
Suppose 70 + 50 = 2*a. Let k(h) = -3*h - 33. Let m be k(-12). Suppose -5*v - 3*o + 129 = 0, 6*o - m*o = 9. Calculate the greatest common divisor of v and a.
12
Suppose 22 + 3 = 5*l. Suppose x = -7*p + 3*p + 15, l*x + 17 = 3*p. Let c be ((-3)/(-3))/(p/96). What is the highest common factor of c and 16?
8
Let b be (12/(-1 - -13))/(2/40*1). Let a = -2 + 5. Let x be 30/(-9)*a*-1. What is the highest common divisor of x and b?
10
Suppose 0 = 3*d + 5*h - 917, -6*h - 582 = -2*d - 2*h. Let f = 927 + -901. What is the greatest common divisor of d and f?
13
Let w = 5507 + -4082. Calculate the greatest common divisor of w and 228.
57
Suppose -5*c = -3*f - 252, c - 2*c - 3*f = -36. Let w = -10 + 16. Calculate the greatest common factor of c and w.
6
Let k be (90 + 0)*198/45. Suppose 8*m = 2*m + k. Calculate the greatest common divisor of 77 and m.
11
Suppose 123*t = 119*t + 20. Suppose -3*f - 48 + 146 = -t*a, -2*f = 5*a - 82. Calculate the greatest common factor of f and 27.
9
Suppose 0 = -m - 1001 + 232. Let d = 1313 + m. Calculate the highest common factor of 32 and d.
32
Let r(m) = 638*m + 59. Let o be r(3). Let p = -1942 + o. Let k(x) = 16*x**2 - 3*x + 2. Let v be k(-3). What is the greatest common factor of v and p?
31
Let n be (-3)/7 - (-14085)/35. Let z = -378 + n. What is the highest common factor of 40 and z?
8
Let l = -274 + 372. Suppose 102*y = l*y + 532. Calculate the greatest common divisor of y and 38.
19
Let l(d) = 7*d - 81. Let t(a) = -11*a + 163. Let s(f) = 5*l(f) + 2*t(f). Let o be s(9). What is the greatest common divisor of 684 and o?
38
Suppose -5*x + 12 = -3*x. Let k(y) = 17*y**2 - 8*y - 3. Let s be k(x). Suppose -16*z + 410 - 449 + 855 = 0. Calculate the greatest common divisor of s and z.
51
Suppose -15 = -3*k + 5*q, 3*k + 0*q - 15 = q. Suppose 0 = 16*x - 18*x. Suppose -6*o + k*o + 9 = x. Calculate the highest common divisor of o and 27.
9
Let o be (-1)/(-1)*(-2 - -2). Let i be 1 - (o + -3 + 3). Suppose 38 = -2*n + 54. Calculate the highest common factor of i and n.
1
Let t be 4/((-20)/(-3))*40. Let w(g) = -2 + 6 + 2*g**2 + 11*g**3 + 0 - 10*g**3 - 10*g. Let s be w(4). Calculate the highest common factor of t and s.
12
Let y(g) = -g**3 - 24*g**2 - 27*g - 26. Let f be y(-23). Let j be 5*(-1)/(-2)*10. Suppose -22*u + j*u = f. Calculate the greatest common factor of 2 and u.
2
Let l(b) = -36*b + 13. Let c be l(-2). Let f = c + -78. What is the highest common divisor of f and 77?
7
Suppose 14*x - 21 = 21*x. Let o be x/6 + (-3)/((-6)/125). What is the highest common factor of 310 and o?
62
Suppose 69*k + 1980 = 73*k - 5*n, 0 = 3*k - 5*n - 1480. What is the highest common factor of 90 and k?
10
Let a(c) = -7*c**3 + 86*c**2 - 4*c + 7. Let y be a(12). What is the greatest common factor of y and 26?
13
Let j(w) = -14*w + 2. Let g be j(-3). Let x be (-3)/((-189)/(-18)) - (-88)/14. Let b be 69/x + -1 + 1/2. Calculate the greatest common factor of b and g.
11
Let r be -3 + (9/(-3) - -6). Suppose 3*t = -r*t + 3. Let w be t/((-4)/58*(-3)/6). What is the highest common factor of 29 and w?
29
Suppose -5*x - 4*r = -2*r - 54, 6 = 3*r. Let a = 163 - 130. Let u = a - x. What is the greatest common factor of u and 161?
23
Suppose 116*r - 102*r = -3962. Let b = r + 291. What is the highest common factor of 608 and b?
8
Let t = -26 + 11. Let a(f) = 35*f + 210. Let p be a(-7). Let v be p/t - (-4)/6. Calculate the greatest common divisor of v and 33.
3
Suppose -4 = 4*y, 19 = 4*i + 2*y - 27. Suppose 82 = -7*d + i*d + 2*f, -2*d + 52 = -4*f. What is the greatest common factor of d and 306?
18
Suppose -16*b = -b - 315. Let j(i) = 17*i - 175. Let g be j(b). What is the highest common factor of 104 and g?
26
Let h be (-27 + 29)/((-2)/(-255)). Suppose 4*o - 9*o = -h. Calculate the greatest common factor of o and 12.
3
Let r be (-5208)/(-882) - 4/(-42) - -10. Suppose m = 2*u - 17, 2*m + 4 = -2. Suppose 40 = u*q - 2*q. What is the greatest common factor of q and r?
8
Let w be (-972)/(-8)*368/138. What is the highest common divisor of w and 792?
36
Let n = 76 + -76. Suppose -3*g - 5*g + 208 = n. What is the greatest common divisor of g and 416?
26
Let q(x) = 176*x + 14452. Let a be q(-81). Calculate the highest common divisor of 294 and a.
98
Suppose 0 = 36*k - 39*k + 108. Suppose -3*h = n - 9, 4*n - 7*h - k = -5*h. Calculate the highest common divisor of 153 and n.
9
Let r(k) = -k**3 + 10*k**2 - 16*k + 8. Let h be r(4). Suppose -6*i + h = -530. Calculate the highest common divisor of i and 5.
5
Suppose 0 = 2*g + 4*g - 18. Suppose 4*c = -g*v + 187, c - 3*v - 89 = -c. Let x be c/1*2/(-3 + 7). Calculate the greatest common factor of x and 69.
23
Suppose -5616 = -8*r + 3*y, 4*y = 5*r + 1224 - 4734. Calculate the greatest common divisor of r and 10764.
234
Suppose -768 = 52*i - 100*i. What is the greatest common divisor of i and 16?
16
Let x(y) = -4*y - 21*y - 3 + 8*y + 12*y. Let j be x(-2). Suppose 3*v - 70 = v. What is the greatest common factor of j and v?
7
Let n be 22/11*((-11)/(-2) - 0). Let a = 66 - n. What is the highest common factor of a and 11?
11
Suppose -52 = -a - 3*i + 1, 116 = 2*a - 4*i. Suppose 12 = 1489*s - 1486*s. Let c = a + s. Calculate the highest common divisor of 12 and c.
12
Let l = -96 - -137. Suppose 3*w - l = 4*d + 47, 3*w = 2*d + 86. What is the greatest common factor of 42 and w?
14
Let y = -114 + 54. Suppose 4*c = 3*v + 182, -v + 4*c = -4*v - 190. Let m = y - v. Calculate the greatest common factor of 2 and m.
2
Let o be 12*(1*8 - (-35 + 1222/104)). Let p = -59 - -109. What is the highest common divisor of o and p?
25
Let b be 1*-3 - (13 + -15) - -4. Let z be (-31 - -7)*b/(-